 o(-2). Let t(j) = j**3 - j**2 + j + 1. Let q(z) = x*t(z) + w(z). Is q(-1) a composite number?
False
Suppose p = -2*p + 177. Is p prime?
True
Suppose -5*b = -5*c + 980, 2*c + 5*b = -0*b + 357. Is c composite?
False
Is (-20)/15 + (-2011)/(-3) a composite number?
True
Let o = 1217 - 584. Is o a prime number?
False
Suppose -83*m + 87*m - 1460 = 0. Is m composite?
True
Let b = -131 + 292. Let w = -2 - -2. Is b/1 + w/3 a composite number?
True
Let x(v) = v**3 - 6*v**2 + 9*v + 9. Let t be x(7). Let a = 2 + 0. Suppose 130 = 2*k + 5*c, -a*k = 4*c - t - 5. Is k a prime number?
False
Suppose -5*b + c + c = -19919, 3991 = b - 4*c. Is b prime?
False
Let a = -53 - -90. Is a prime?
True
Let d(l) = -l**3 - 5*l**2 - 7. Is d(-7) a prime number?
False
Let g be 32/8*(-1)/(-2). Suppose 5*j = g*j + 105. Is j prime?
False
Let c = 1 - -10. Suppose -3*l + 33 = -0*d + 5*d, l - c = 2*d. Is l composite?
False
Suppose 2*d = 112 - 6. Let s be (d/(-3))/((-2)/12). Suppose -s = -5*g + 169. Is g a composite number?
True
Let x = -46 + 112. Suppose 7*j + x = 9*j. Is j a prime number?
False
Let f(s) = -17*s**3 - 25*s**2 + s + 15. Let a(o) = 8*o**3 + 12*o**2 - 7. Let t(k) = -13*a(k) - 6*f(k). Is t(-6) prime?
False
Suppose -2*f = -5*f + 5*w + 1240, -2*f - w + 831 = 0. Is f a composite number?
True
Let r(c) = 36*c + 7. Suppose 0 = -5*o - 25, o = 3*k + 2*k - 35. Is r(k) prime?
True
Let q(t) = 9*t - 1. Let v be q(1). Let u(y) = y**2 + 3*y - 9. Is u(v) composite?
False
Let i(u) = u**2 - 8*u + 9. Let j be i(6). Let k be (3 - 1 - 3)*j. Suppose -179 = -5*t - x, x + k*x + 124 = 4*t. Is t a prime number?
False
Let l be (6/4)/((-5)/(-10)). Suppose -3*g + l*n = -6, 0*n - 4*n = 0. Suppose -g*y = -3*y + 35. Is y a prime number?
False
Let c(m) = -41*m + 8. Let w be c(-8). Suppose u - w = -3*u. Suppose 2*r = 6*r - u. Is r a composite number?
True
Suppose 0 = g - x - 257, -3*g = g - 5*x - 1026. Is g composite?
True
Suppose -4*t = b - 2481, 5*t = -5*b + 8*b - 7528. Is b composite?
True
Let h(b) = b + 541. Is h(0) composite?
False
Let l(v) be the first derivative of -v**3/3 - 7*v**2/2 - 3*v - 4. Let f be l(-6). Suppose -2*i + 0*i + 73 = f*n, -2*i = n - 27. Is n a prime number?
True
Suppose -194 = -i + 3*d, 5*i + d + 0*d = 1018. Is i a prime number?
False
Suppose 0 = 2*d + 2*d - 12. Suppose -q = 5*p - 290, d*q - 4*p - 72 = 703. Is q a prime number?
False
Suppose -j + 4 = 2*f, -3*f + 1 = j - 5. Let i(v) = -2*v**f - v**2 - v**3 - 8 - 3*v**2 + v. Is i(-7) a prime number?
False
Let s(p) = -p**3 + 6*p**2 + 5. Let q be s(6). Let f(y) = -y**2 + 5*y + 7. Let w be f(q). Suppose -76 = -w*z + 3*z. Is z a composite number?
False
Suppose 3*x = -0*x + 213. Suppose 0 = 5*p + 4*u - 990, -3*p + 592 = -0*u + 2*u. Let z = p - x. Is z a prime number?
False
Let w(t) be the third derivative of 197*t**5/60 - t**4/4 - t**3/2 - 3*t**2. Is w(-2) a composite number?
False
Let n = 156 - 87. Suppose 2*q - 47 = n. Is q a prime number?
False
Let o(j) = 4 - 7 + 3*j**2 + 5*j + 0. Suppose h + 3 = i, -h + 0*i - 3*i - 11 = 0. Is o(h) prime?
True
Let o = 5 - 2. Suppose -o*z - 184 = z. Let t = z - -65. Is t a prime number?
True
Let y be (1101/(-12))/(1/(-4)). Suppose -2*b + 2 = -4. Suppose y = 5*j + d - 0*d, -b*d = -2*j + 157. Is j composite?
True
Suppose 2*o + 4*o - 2286 = 0. Is o a prime number?
False
Let s(o) be the second derivative of o**4/12 - o**3 - o**2/2 + o. Is s(8) a prime number?
False
Suppose 5*m - 6861 = -4*d + 37822, 2*d - 4*m - 22374 = 0. Is d a composite number?
False
Let v be (-2 - 0)*(-42)/28. Let m(l) = -5*l**3 + l**2 - l - 1. Let r(f) = -11*f**3 + f**2 - f - 2. Let s(n) = -7*m(n) + 3*r(n). Is s(v) a composite number?
False
Let v(x) = -3 - 116*x - 7*x + 14*x - 6. Is v(-4) composite?
True
Is (-5506)/(-6) - 8/(-6) prime?
True
Let x(l) = 14*l**2 - 3*l - 1. Is x(-4) prime?
False
Let a = 4026 + -757. Is a a composite number?
True
Suppose -2*x + 5 = 3, 3*s - 4*x + 16 = 0. Let n be (1 - 1/s)*12. Suppose v - n = 22. Is v a composite number?
False
Suppose 0 = 5*m - 122 + 447. Let a = 93 + m. Suppose 27 = p - a. Is p a composite number?
True
Let p(k) = k**3 - 8*k**2 - 9. Let i be p(7). Is (-1 - 2)/(2/i) prime?
False
Is 6/8 - 149/(-4) prime?
False
Let n(a) = 4*a**3 + 5*a**2 + 2*a + 3. Is n(4) prime?
True
Suppose -2*d - 3*d + 1905 = 0. Is d prime?
False
Let r(l) = -l**3 - 2*l**2 + 3401. Is r(0) a composite number?
True
Let f(r) = 11*r**3 + 4*r**2. Let z(a) = 11*a**3 + 5*a**2 - a - 1. Let y(c) = -5*f(c) + 4*z(c). Is y(-3) composite?
True
Is -1 + (3 - 0)/3 + 91 a composite number?
True
Let s(p) = 6*p**2 + 5 + 5*p + 3*p**2 - 3*p. Is s(4) a prime number?
True
Let u = 6 - -142. Suppose 4*j - 204 = u. Let r = j + -9. Is r a prime number?
True
Let i = 78 + 17. Suppose -5*j + 8 + 2 = 0. Suppose i = 7*l - j*l. Is l a prime number?
True
Let h be (-392)/(-2) + -1 - 1. Is (5/(-2) + 3)*h a prime number?
True
Let o be 3/(4 - (-2155)/(-538)). Is 7/(-28) - o/8 prime?
True
Let n(z) = -2*z**3 - 5*z**2 + 8*z + 9. Is n(-6) composite?
True
Let r(j) = j**2 - 4*j + 17. Is r(-18) a composite number?
True
Let d = 2 + -6. Let k = d + 4. Suppose k*s + 125 = 5*s. Is s prime?
False
Let b(f) = -3*f**3 - 6*f**2 - 6*f + 2. Is b(-3) a composite number?
False
Suppose 4*g = -2*s + 1808, 3*s - 1818 = -4*g + 6*s. Is g a composite number?
True
Suppose -v = -0*v + s - 27, -2*s - 86 = -3*v. Let c = -9 + v. Is c a composite number?
False
Is -1*((-2)/9 + 16566/(-54)) prime?
True
Suppose -9 = -3*i - 3. Suppose 3*w - 4*g - 293 = 0, 5*g - 96 - 84 = -2*w. Suppose i*k - 59 = w. Is k a prime number?
False
Let p(b) = b**3 - 11*b**2 - 6*b + 2. Is p(12) prime?
False
Let s(p) = 11*p**2 + 3*p + 4. Let u(k) = -5*k**2 - k - 2. Let y(o) = 2*s(o) + 5*u(o). Let a be y(-3). Is (-4)/(a/10)*12 a composite number?
True
Let g(f) = f**3 - f**2 + 156. Let x be g(0). Let w = x + 475. Is w prime?
True
Let u be (-6)/12 - 1350/4. Let k = u + 571. Is k prime?
True
Suppose 0*g = -2*y - 4*g + 12, -5*y + 2*g - 6 = 0. Suppose y = -5*z + 4*z + 2*s + 201, -392 = -2*z + 2*s. Is z a composite number?
False
Suppose -2*b - 2*z + 12 = 0, -3*b = z - 0*z - 14. Suppose -2*i + 2*m + 314 = 6*m, 0 = -b*i + m + 628. Is i a prime number?
True
Suppose 0 = 2*b - 8, b + 3*b = -5*i + 156. Suppose -n = -2*j + i, -5*j = -5*n + 23 - 83. Let z = j + -9. Is z prime?
True
Suppose -3*h = -2*a - 3*a - 9, -5*a - 6 = -2*h. Let n be (-1)/h - 140/21. Let m(q) = -2*q + 1. Is m(n) composite?
True
Suppose d - z - 1559 = 0, -d - 3*z = -0*d - 1559. Suppose 0*q = -q + d. Is q composite?
False
Let z = 3169 - 1976. Is z a composite number?
False
Suppose -p - 329 = -2*w, 809 = 4*w - 4*p + 145. Is w a prime number?
True
Let b(c) = -c + 1. Let m(u) = 2. Let k(v) = -b(v) - m(v). Let w be k(8). Suppose -w*q = -q - 580. Is q a prime number?
False
Is (-69)/6*4/(-2) a prime number?
True
Let h(s) = 10*s**2 - 15*s + 15*s. Is h(-1) a composite number?
True
Let t be ((-28)/(-6))/(2/6). Suppose -u = -4*q - t + 2, 4*q + 4*u = 8. Is 3 - q*(-3)/6 composite?
False
Suppose 30 + 78 = 2*x. Suppose i + 216 = 2*t - x, i = -t - 264. Let b = i - -387. Is b a prime number?
False
Suppose -5*d - 5200 = -10*d. Suppose p + p = -m + 251, -4*m + p = -d. Is m composite?
True
Let o = 2 + -5. Let r = 5 - o. Is (22/r)/((-1)/(-12)) composite?
True
Let r(m) be the third derivative of -47*m**4/24 - 7*m**3/6 - 4*m**2. Is r(-12) prime?
True
Suppose t - 111 = 4*t. Let j = t + 62. Is j a prime number?
False
Let z = -16 - -20. Suppose -x - 20 = -z*g - 0*x, -5*g = -5*x - 10. Is g prime?
False
Let i = -5 + 5. Let c be (-5)/((-1)/(1 - i)). Suppose 2*p - 2*y = -y + 73, -15 = c*y. Is p prime?
False
Suppose -52 = -s + 27. Is s a prime number?
True
Let g(f) = -f + 3. Let l be g(-5). Suppose 2*v = 4*n - 16, n - l = -v - 1. Is v composite?
False
Is 5/(25/19695) - 4*1 composite?
True
Let u be -1*(2 + -3) + 65. Suppose 2*o - u = 164. Is o composite?
True
Let c(k) = 12*k**2 - 4*k + 2. Let t be c(7). Suppose -93 = -5*f + t. Is f a prime number?
True
Suppose 2*d = -4*c + 578, -5*c - 3*d + 344 = -378. Suppose -4*j + c = -363. Is j composite?
False
Let t(w) = 7*w**2 + w + 3. Is t(4) prime?
False
Let y be (0 + -1)/((-1)/(-2)). Let v be (-47)/5 - (-2)/5. Let g = y - v. Is g a prime number?
True
Is (-1163)/(((-16)/4 + 3)*1) prime?
True
Suppose -2*g - 12 = 2*q, -g - 8 = 4*q + 4. Is (93/(-6))/(q/4